8
Suppose -52*s + 442 = -39*s. What is the highest common factor of s and 34?
34
Let w(m) = m + 2. Let r be w(2). Suppose -6 - r = -2*b. Suppose -2*i = -11 - b. Calculate the highest common factor of i and 72.
8
Let l = -76 - -24. Let b = l + 122. Suppose 2*a - 13 = 7. Calculate the highest common divisor of b and a.
10
Suppose -m = 3*i - 354, 11*i = 15*i - 5*m - 491. Calculate the greatest common divisor of i and 34.
17
Let t = 790 + -436. Calculate the greatest common divisor of 2 and t.
2
Let k(n) = -5*n + 301. Let r be k(13). Calculate the highest common divisor of 4 and r.
4
Let k = 715 + -550. Calculate the greatest common factor of k and 15.
15
Let m(b) = -50*b - 65. Let h be m(-4). What is the highest common divisor of 27 and h?
27
Let y = 420 - 404. Calculate the highest common divisor of y and 48.
16
Let s be (20/(-6))/(2/(-3)). Suppose -2*b + 8 + 0 = 0. Suppose 3*i = -s*z + 210, -138 = -i - i - b*z. Calculate the greatest common divisor of 30 and i.
15
Let z = 2629 + -2613. What is the greatest common divisor of 688 and z?
16
Let n(x) be the third derivative of x**5/60 - 3*x**4/8 + 10*x**3/3 - 3*x**2. Let a be n(6). Suppose s + a = 3. Calculate the highest common divisor of 9 and s.
1
Let l be ((-1 - -3)*3)/3. Suppose -4*b = -2*u - 118, -l*b = 5*u - 0*u - 29. What is the highest common divisor of b and 3?
3
Suppose 45*l = 37*l + 104. Calculate the highest common divisor of 533 and l.
13
Suppose -3*w - 2*s - 107 = 0, 0 = -5*w + s - 0*s - 161. Suppose g + 0 = -2, 2*g + 364 = 2*l. Let z = l + w. What is the highest common divisor of 21 and z?
21
Let k be 4*(27/6)/9. Suppose -4*s = k*p - 32, 5*s - p - 25 = 1. Suppose -s*y = -240 - 24. Calculate the highest common factor of 11 and y.
11
Let x be (-37 + 193 - 0/(-1)) + 5 + 0. Let f = 119 + -73. What is the greatest common divisor of x and f?
23
Let g = -102 - 81. Let j = -79 - g. What is the highest common factor of 26 and j?
26
Let o be ((-1045)/22 + 9)/((-1)/2). What is the highest common factor of o and 22?
11
Suppose -21*d = -28*d + 777. Suppose 10*t - d = 89. What is the greatest common factor of t and 4?
4
Let m be -1 + 1 - (-18)/6. Let z = 6 - m. Suppose 3*w - 57 = 5*y, 4*w - z*y - 93 = -2*y. Calculate the greatest common factor of w and 16.
8
Suppose -5*g - 130 = -2*r + 19, -5*g - 226 = -3*r. Suppose -3*f - 4*f = -r. What is the greatest common factor of f and 1?
1
Let n(k) = 4*k + 66. Let p be n(-9). Calculate the greatest common factor of p and 130.
10
Let f be -2*(-6)/9*6. Let k = 16 - f. Calculate the greatest common divisor of k and 2.
2
Suppose -5*k + 55 = -3*c + 15, 5*k = -5*c. Suppose -12 = -k*j - 2. Suppose j*t - 3*t = -39. What is the greatest common divisor of 26 and t?
13
Suppose -18 = -11*d + 37. Suppose -52 = 3*a - d*a. Calculate the greatest common divisor of 65 and a.
13
Let l be (-306)/(-11) - (-2)/11. Suppose 0 = h + 3*h - l. Suppose 8*x - h*x - 19 = 0. What is the greatest common divisor of 171 and x?
19
Suppose -2*r - 91 = 35. Let s be -1*24*r/(-18). Let t be (s/(-3) - 4)/2. Calculate the highest common factor of t and 60.
12
Let f = -68 + 72. Let h be f/16 + 0 - (-549)/12. What is the highest common factor of 115 and h?
23
Let b = -3 + 9. Suppose -3*i + 2*u + 9 = -12, 0 = 2*u + b. Calculate the highest common factor of 5 and i.
5
Suppose 0 = 2*s + 2*s + 76. Let q be (4/(-3) + -1)/(s/57). What is the greatest common divisor of 14 and q?
7
Let t = 71 - 88. Let y(w) = -w**2 - 16*w + 19. Let q be y(t). What is the greatest common factor of q and 2?
2
Let q be (-142)/(-16) + 71/568. What is the greatest common divisor of 57 and q?
3
Let z(d) = 4*d**2 - 2*d + 6. Let j be z(2). Suppose -j = -v - 3. Suppose 3*p = -p + 180. What is the highest common divisor of p and v?
15
Let y = 14 + -10. Calculate the greatest common factor of 108 and y.
4
Let l = 5 - -5. Let n be (4 + 90/(-35))*(-126)/(-9). Calculate the greatest common divisor of n and l.
10
Let p(u) = 4*u + 2. Let j be p(10). Let g be 72/(-96) + (846/8 - 0). Let c = g - j. What is the greatest common divisor of 7 and c?
7
Let h(p) = 2*p**2 - 12*p + 25. Let r be h(8). Let q be (14/3)/(2/12). Suppose 0 = c - r - q. Calculate the greatest common divisor of 17 and c.
17
Let w = -12 + 27. Let d(v) = -16*v**2 - v + 1. Let i be d(1). Let c be i/(-12)*(-45)/(-6). What is the greatest common divisor of c and w?
5
Suppose 2*u = -4*u + 48. Calculate the highest common factor of u and 6.
2
Suppose -63 + 373 = 5*i. What is the highest common divisor of i and 217?
31
Let s(f) = 208*f - 47. Let l be s(1). What is the highest common divisor of 23 and l?
23
Let a(x) = -x**3 - 2*x**2 + 171*x - 3. Let i be a(-15). What is the highest common factor of 42 and i?
21
Let w(m) = -8*m - 118. Let k be w(-16). Calculate the highest common factor of k and 5.
5
Let v(x) = 13*x**3 - 5*x**2 - x + 3. Let j be v(2). What is the highest common divisor of j and 34?
17
Let j = 14 - 10. Suppose 2*r - 286 = -0*f - j*f, f - 67 = -5*r. Suppose 4*w - 3*l = 27 + 45, -2*l = 5*w - 90. Calculate the greatest common divisor of f and w.
18
Suppose u - 4*u = -12. Let a be (u + -1)/((-3)/(-20)). Suppose -4*f + 150 = -50. What is the highest common factor of a and f?
10
Suppose 2*l - 3*x = -3*l - 143, 0 = -2*l + 5*x - 61. Let w be 90/4*l/(-35). Let r be (w/3)/((-2)/(-3)). Calculate the greatest common factor of r and 9.
9
Let q be (0 - 0) + 13*-2. Let w = -2 - q. Calculate the greatest common factor of 8 and w.
8
Suppose -4*a + 534 = 2*t, -2*a - 5*t - 22 + 277 = 0. What is the highest common factor of a and 105?
15
Let z = 0 + 9. Suppose 0 = x + 5 - z. Let p be (-2)/((-57)/18 - -3). What is the highest common divisor of x and p?
4
Let p = -74 + 77. Let f be (33 - -10)*(p - 2). Calculate the greatest common factor of f and 43.
43
Suppose 0 = -p - 7*b + 8*b + 228, -2*b = p - 240. What is the highest common factor of 29 and p?
29
Suppose 0*g - 2*g - 2*z = 14, -4*g = 5*z + 32. Let s = g - -23. What is the greatest common divisor of 180 and s?
20
Let f(r) = -r**2 + 14*r + 17. Let t(c) = c**2 - 15*c - 17. Let x(v) = 4*f(v) + 3*t(v). Let s be x(9). What is the greatest common factor of s and 7?
7
Let w(v) = v. Let n be w(4). Suppose 69 = 5*g - 61. Suppose r = 2*y - 0*r - 43, -y + g = n*r. What is the highest common factor of y and 11?
11
Let c(f) = -f**2 - 15*f + 46. Let d be c(0). Calculate the greatest common factor of 874 and d.
46
Let l = -31 + 53. Suppose -4*m = -3*i + 108, -145 - 43 = -4*i - 2*m. What is the greatest common divisor of l and i?
22
Let y be 12*(5/(-2) - -2). Let v = y - -39. Calculate the greatest common factor of v and 3.
3
Suppose 783 = 168*o - 167*o. What is the greatest common factor of o and 29?
29
Let v(n) = 10*n + 1. Let g be v(2). Let l be -3 + -3 + 4 + 3. Let y(c) = 106*c - 1. Let k be y(l). What is the highest common divisor of k and g?
21
Let j(k) = 132*k + 22. Let p be j(3). Suppose 0 = 19*u - 8*u - p. What is the greatest common divisor of 114 and u?
38
Suppose 5*l - 4 - 1 = 0. Let x be l*68 - 12/(-3). Let r = x - 21. What is the highest common divisor of 34 and r?
17
Let b = 36 - 24. Suppose 0 = p - 4*a - 44, -3*p = -2*a + 3*a - 184. What is the greatest common factor of b and p?
12
Let f = -134 - -189. Let o = f + 25. Let d = o + -41. What is the highest common divisor of d and 26?
13
Let d be (27/3)/(2/(-6)). Let v = 57 + d. What is the greatest common factor of 20 and v?
10
Suppose -4*f = -2*g - 322, -5*f = -3*g - 166 - 237. What is the highest common factor of f and 64?
16
Suppose -z + 5*z = 20. Suppose -x - 3*v = -4*x + 72, 0 = 3*x + z*v - 48. Calculate the highest common factor of x and 63.
21
Suppose -388 = -f - 28*t + 32*t, -t + 731 = 2*f. What is the highest common factor of f and 23?
23
Let h(m) = -2*m - 42. Let w be h(-25). Calculate the greatest common factor of w and 232.
8
Let f = 297 + -205. Let r be -69*(2 + (-42)/18). Calculate the highest common divisor of r and f.
23
Let v be 2 + 2/(-8) + (-56)/32. Let b(a) = -a + 11. Let j be b(v). Calculate the highest common factor of j and 143.
11
Let q be (-2401)/(-49) - (1 + 0). What is the highest common divisor of 24 and q?
24
Let k(p) = p**2 + 3*p - 2. Let j be k(-5). Suppose 0 = j*q + 3*q - 176. What is the greatest common factor of 1 and q?
1
Let h(y) = -y**3 - 47*y*